{"id":550,"date":"2024-05-31T14:06:34","date_gmt":"2024-05-31T12:06:34","guid":{"rendered":"http:\/\/feuxdete.be\/?page_id=550"},"modified":"2024-05-31T14:30:40","modified_gmt":"2024-05-31T12:30:40","slug":"pellet","status":"publish","type":"page","link":"https:\/\/feuxdete.be\/index.php\/pellet\/","title":{"rendered":"Pellet"},"content":{"rendered":"\n<div class=\"wp-block-cover alignfull\" style=\"margin-top:0;margin-bottom:0;padding-top:0px;padding-bottom:80px;min-height:300px;aspect-ratio:unset;\"><span aria-hidden=\"true\" class=\"wp-block-cover__background has-primary-background-color has-background-dim-100 has-background-dim\"><\/span><img decoding=\"async\" class=\"wp-block-cover__image-background wp-image-4206\" alt=\"\" src=\"https:\/\/tyler.com\/wp-content\/uploads\/2023\/12\/surf-banner1.jpg\" style=\"object-position:100% 50%\" data-object-fit=\"cover\" data-object-position=\"100% 50%\"\/><div class=\"wp-block-cover__inner-container has-global-padding is-layout-constrained wp-container-core-cover-is-layout-d4c6b484 wp-block-cover-is-layout-constrained\">\n<div style=\"height:150px\" aria-hidden=\"true\" class=\"wp-block-spacer\"><\/div>\n\n\n\n<h1 class=\"wp-block-heading has-text-align-center has-text-color has-link-color has-suranna-font-family wp-elements-e2c966ef022011565abe858604597237\" style=\"color:#ffffff;font-size:clamp(38.682px, 2.418rem + ((1vw - 6.4px) * 5.206), 72px);font-style:normal;font-weight:500\">Rassemblements chaleureux<\/h1>\n<\/div><\/div>\n\n\n\n<div class=\"wp-block-group alignfull has-global-padding is-layout-constrained wp-container-core-group-is-layout-704e782a wp-block-group-is-layout-constrained\">\n<section class=\"wp-block-group has-global-padding is-layout-constrained wp-container-core-group-is-layout-608bbd49 wp-block-group-is-layout-constrained\" style=\"margin-top:0px;padding-top:6rem;padding-right:1rem;padding-bottom:5rem;padding-left:1rem;font-size:clamp(0.875rem, 0.875rem + ((1vw - 0.4rem) * 0.638), 1.13rem);font-style:normal;font-weight:400;line-height:1.4\">\n<div class=\"wp-block-columns is-layout-flex wp-container-core-columns-is-layout-03ad6a19 wp-block-columns-is-layout-flex\" style=\"margin-bottom:0px\">\n<div class=\"wp-block-column is-vertically-aligned-center is-layout-flow wp-block-column-is-layout-flow\" style=\"flex-basis:50%\">\n<figure class=\"wp-block-image aligncenter size-full is-resized\"><img loading=\"lazy\" decoding=\"async\" width=\"2560\" height=\"1707\" src=\"http:\/\/feuxdete.be\/wp-content\/uploads\/2024\/05\/Terrasverwarmer_Haussler_SFEER_2-scaled-1.jpg\" alt=\"\" class=\"wp-image-562\" style=\"aspect-ratio:1;object-fit:cover;width:450px\" srcset=\"https:\/\/feuxdete.be\/wp-content\/uploads\/2024\/05\/Terrasverwarmer_Haussler_SFEER_2-scaled-1.jpg 2560w, https:\/\/feuxdete.be\/wp-content\/uploads\/2024\/05\/Terrasverwarmer_Haussler_SFEER_2-scaled-1-300x200.jpg 300w, https:\/\/feuxdete.be\/wp-content\/uploads\/2024\/05\/Terrasverwarmer_Haussler_SFEER_2-scaled-1-1024x683.jpg 1024w, https:\/\/feuxdete.be\/wp-content\/uploads\/2024\/05\/Terrasverwarmer_Haussler_SFEER_2-scaled-1-768x512.jpg 768w, https:\/\/feuxdete.be\/wp-content\/uploads\/2024\/05\/Terrasverwarmer_Haussler_SFEER_2-scaled-1-1536x1024.jpg 1536w, https:\/\/feuxdete.be\/wp-content\/uploads\/2024\/05\/Terrasverwarmer_Haussler_SFEER_2-scaled-1-2048x1366.jpg 2048w\" sizes=\"auto, (max-width: 2560px) 100vw, 2560px\" \/><\/figure>\n<\/div>\n\n\n\n<div class=\"wp-block-column is-vertically-aligned-center has-global-padding is-layout-constrained wp-container-core-column-is-layout-c4a7d96a wp-block-column-is-layout-constrained\" style=\"flex-basis:50%\">\n<h3 class=\"wp-block-heading has-text-align-left has-primary-color has-text-color has-suranna-font-family\" style=\"margin-top:0.5rem;margin-bottom:0rem;font-size:clamp(24.034px, 1.502rem + ((1vw - 6.4px) * 2.495), 40px);font-style:normal;font-weight:500;letter-spacing:0px;line-height:1.3\">Notre objectif : rapprocher les gens<\/h3>\n\n\n\n<hr class=\"wp-block-separator has-text-color has-primary-color has-alpha-channel-opacity has-primary-background-color has-background is-style-default\" style=\"margin-top:var(--wp--preset--spacing--x-small);margin-bottom:var(--wp--preset--spacing--x-small)\"\/>\n\n\n\n<p class=\"has-x-small-font-size\">Notre objectif principal est de cr\u00e9er des espaces chaleureux et accueillants o\u00f9 les gens peuvent se r\u00e9unir pour partager des histoires, des rires et les joies simples de la vie. Gr\u00e2ce \u00e0 nos chauffages de terrasse \u00e0 granul\u00e9s innovants et respectueux de l&rsquo;environnement, nous nous effor\u00e7ons de favoriser un sentiment de communaut\u00e9 et de connexion, tout en promouvant des pratiques durables. <\/p>\n\n\n\n<div style=\"height:15px\" aria-hidden=\"true\" class=\"wp-block-spacer\"><\/div>\n\n\n\n<p class=\"has-x-small-font-size\">Nous croyons au pouvoir de la technologie pour am\u00e9liorer nos exp\u00e9riences et rendre le monde plus chaleureux et plus harmonieux.<\/p>\n<\/div>\n<\/div>\n<\/section>\n\n\n\n<section class=\"wp-block-group has-global-padding is-layout-constrained wp-container-core-group-is-layout-608bbd49 wp-block-group-is-layout-constrained\" style=\"margin-top:0px;padding-top:6rem;padding-right:1rem;padding-bottom:5rem;padding-left:1rem;font-size:clamp(0.875rem, 0.875rem + ((1vw - 0.4rem) * 0.638), 1.13rem);font-style:normal;font-weight:400;line-height:1.4\">\n<div class=\"wp-block-columns is-layout-flex wp-container-core-columns-is-layout-03ad6a19 wp-block-columns-is-layout-flex\" style=\"margin-bottom:0px\">\n<div class=\"wp-block-column is-vertically-aligned-center is-layout-flow wp-block-column-is-layout-flow\" style=\"flex-basis:50%\">\n<h3 class=\"wp-block-heading has-text-align-left has-primary-color has-text-color has-suranna-font-family\" style=\"margin-top:0.5rem;margin-bottom:0rem;font-size:clamp(24.034px, 1.502rem + ((1vw - 6.4px) * 2.495), 40px);font-style:normal;font-weight:500;letter-spacing:0px;line-height:1.3\">Notre voyage : Cr\u00e9er de la chaleur<\/h3>\n\n\n\n<hr class=\"wp-block-separator has-text-color has-primary-color has-alpha-channel-opacity has-primary-background-color has-background is-style-default\" style=\"margin-top:var(--wp--preset--spacing--x-small);margin-bottom:var(--wp--preset--spacing--x-small)\"\/>\n\n\n\n<p class=\"has-text-align-left has-text-color has-pontano-sans-font-family has-x-small-font-size\" style=\"color:#000000;margin-top:20px;margin-bottom:20px;font-style:normal;font-weight:400;line-height:1.5\">Notre voyage a commenc\u00e9 dans un petit village o\u00f9 les soir\u00e9es fra\u00eeches se transformaient en r\u00e9unions chaleureuses. Lorsque les temp\u00e9ratures chutent, une solution moderne et \u00e9cologique appara\u00eet : les chauffages de terrasse \u00e0 granul\u00e9s. Ces merveilles technologiques exploitent la puissance des granul\u00e9s de bois, une ressource renouvelable, pour diffuser une chaleur douce et constante. <\/p>\n\n\n\n<p class=\"has-text-align-left has-text-color has-pontano-sans-font-family has-x-small-font-size\" style=\"color:#000000;margin-top:20px;margin-bottom:20px;font-style:normal;font-weight:400;line-height:1.5\">Install\u00e9s dans des caf\u00e9s pittoresques et des maisons traditionnelles, ils sont devenus le pouls des nuits d&rsquo;automne et d&rsquo;hiver. Adopt\u00e9s par les habitants, jeunes et vieux, ces appareils ing\u00e9nieux offrent confort et ambiance douillette. Les discussions se prolongent tard dans la nuit, rythm\u00e9es par le cr\u00e9pitement apaisant des granul\u00e9s de bois et la d\u00e9licate odeur du bois. <\/p>\n\n\n\n<p class=\"has-text-align-left has-text-color has-pontano-sans-font-family has-x-small-font-size\" style=\"color:#000000;margin-top:20px;margin-bottom:20px;font-style:normal;font-weight:400;line-height:1.5\">Orn\u00e9s de motifs traditionnels ou d&rsquo;un design moderne et \u00e9pur\u00e9, ces chauffages de terrasse s&rsquo;int\u00e8grent parfaitement \u00e0 l&rsquo;architecture locale, devenant plus qu&rsquo;une simple source de chaleur. Ils symbolisent l&rsquo;unit\u00e9 de la communaut\u00e9 et l&rsquo;innovation durable, nous rappelant que m\u00eame les soir\u00e9es les plus fra\u00eeches peuvent devenir des moments chaleureux et inoubliables, gr\u00e2ce \u00e0 une technologie respectueuse de l&rsquo;environnement.<\/p>\n<\/div>\n\n\n\n<div class=\"wp-block-column is-vertically-aligned-center has-global-padding is-layout-constrained wp-container-core-column-is-layout-c4a7d96a wp-block-column-is-layout-constrained\" style=\"flex-basis:50%\">\n<figure class=\"wp-block-image aligncenter size-full is-resized\"><img loading=\"lazy\" decoding=\"async\" width=\"800\" height=\"800\" src=\"http:\/\/feuxdete.be\/wp-content\/uploads\/2024\/05\/terrasverwarming-haeussler.jpg\" alt=\"\" class=\"wp-image-563\" style=\"aspect-ratio:1;object-fit:cover;width:450px\" srcset=\"https:\/\/feuxdete.be\/wp-content\/uploads\/2024\/05\/terrasverwarming-haeussler.jpg 800w, https:\/\/feuxdete.be\/wp-content\/uploads\/2024\/05\/terrasverwarming-haeussler-300x300.jpg 300w, https:\/\/feuxdete.be\/wp-content\/uploads\/2024\/05\/terrasverwarming-haeussler-150x150.jpg 150w, https:\/\/feuxdete.be\/wp-content\/uploads\/2024\/05\/terrasverwarming-haeussler-768x768.jpg 768w\" sizes=\"auto, (max-width: 800px) 100vw, 800px\" \/><\/figure>\n<\/div>\n<\/div>\n<\/section>\n\n\n\n<section class=\"wp-block-group has-global-padding is-layout-constrained wp-container-core-group-is-layout-608bbd49 wp-block-group-is-layout-constrained\" style=\"margin-top:0px;padding-top:6rem;padding-right:1rem;padding-bottom:5rem;padding-left:1rem;font-size:clamp(0.875rem, 0.875rem + ((1vw - 0.4rem) * 0.638), 1.13rem);font-style:normal;font-weight:400;line-height:1.4\">\n<div class=\"wp-block-columns is-layout-flex wp-container-core-columns-is-layout-03ad6a19 wp-block-columns-is-layout-flex\" style=\"margin-bottom:0px\">\n<div class=\"wp-block-column is-vertically-aligned-center is-layout-flow wp-block-column-is-layout-flow\" style=\"flex-basis:50%\">\n<figure class=\"wp-block-image aligncenter size-full is-resized\"><img loading=\"lazy\" decoding=\"async\" width=\"2560\" height=\"1707\" src=\"http:\/\/feuxdete.be\/wp-content\/uploads\/2024\/05\/Terrasverwarmer_Haussler_SFEER_3-scaled-1.jpg\" alt=\"\" class=\"wp-image-564\" style=\"aspect-ratio:1;object-fit:cover;width:450px\" srcset=\"https:\/\/feuxdete.be\/wp-content\/uploads\/2024\/05\/Terrasverwarmer_Haussler_SFEER_3-scaled-1.jpg 2560w, https:\/\/feuxdete.be\/wp-content\/uploads\/2024\/05\/Terrasverwarmer_Haussler_SFEER_3-scaled-1-300x200.jpg 300w, https:\/\/feuxdete.be\/wp-content\/uploads\/2024\/05\/Terrasverwarmer_Haussler_SFEER_3-scaled-1-1024x683.jpg 1024w, https:\/\/feuxdete.be\/wp-content\/uploads\/2024\/05\/Terrasverwarmer_Haussler_SFEER_3-scaled-1-768x512.jpg 768w, https:\/\/feuxdete.be\/wp-content\/uploads\/2024\/05\/Terrasverwarmer_Haussler_SFEER_3-scaled-1-1536x1024.jpg 1536w, https:\/\/feuxdete.be\/wp-content\/uploads\/2024\/05\/Terrasverwarmer_Haussler_SFEER_3-scaled-1-2048x1366.jpg 2048w\" sizes=\"auto, (max-width: 2560px) 100vw, 2560px\" \/><\/figure>\n<\/div>\n\n\n\n<div class=\"wp-block-column is-vertically-aligned-center has-global-padding is-layout-constrained wp-container-core-column-is-layout-c4a7d96a wp-block-column-is-layout-constrained\" style=\"flex-basis:50%\">\n<h3 class=\"wp-block-heading has-text-align-left has-primary-color has-text-color has-suranna-font-family\" style=\"margin-top:0.5rem;margin-bottom:0rem;font-size:clamp(24.034px, 1.502rem + ((1vw - 6.4px) * 2.495), 40px);font-style:normal;font-weight:500;letter-spacing:0px;line-height:1.3\">Notre engagement<\/h3>\n\n\n\n<hr class=\"wp-block-separator has-text-color has-primary-color has-alpha-channel-opacity has-primary-background-color has-background is-style-default\" style=\"margin-top:var(--wp--preset--spacing--x-small);margin-bottom:var(--wp--preset--spacing--x-small)\"\/>\n\n\n\n<p class=\"has-contrast-color has-text-color has-link-color has-x-small-font-size wp-elements-c1adbe9fb2409b14102437a1ef3bc216\">Notre engagement est in\u00e9branlable et vise \u00e0 promouvoir la chaleur et la convivialit\u00e9. Nous donnons la priorit\u00e9 \u00e0 la communaut\u00e9, \u00e0 la durabilit\u00e9 et \u00e0 l&rsquo;innovation dans tout ce que nous faisons. Qu&rsquo;il s&rsquo;agisse de fournir des solutions de chauffage respectueuses de l&rsquo;environnement ou de cr\u00e9er des espaces invitants pour des connexions sinc\u00e8res, notre d\u00e9vouement transpara\u00eet. <\/p>\n\n\n\n<div style=\"height:15px\" aria-hidden=\"true\" class=\"wp-block-spacer\"><\/div>\n\n\n\n<p class=\"has-contrast-color has-text-color has-link-color has-x-small-font-size wp-elements-5a5aa9a012eff0f23db6d7e718ee3ad7\">Chaque d\u00e9cision que nous prenons est ancr\u00e9e dans la conviction que la technologie peut am\u00e9liorer les exp\u00e9riences humaines tout en pr\u00e9servant l&rsquo;environnement, et que m\u00eame les moments les plus simples peuvent devenir extraordinaires lorsqu&rsquo;ils sont partag\u00e9s avec d&rsquo;autres.<\/p>\n<\/div>\n<\/div>\n<\/section>\n<\/div>\n\n\n\n<section class=\"wp-block-cover alignfull\" style=\"margin-top:0px;padding-top:1.01rem;padding-bottom:1.01rem;min-height:300px;aspect-ratio:unset;\"><span aria-hidden=\"true\" class=\"wp-block-cover__background has-background-dim\" style=\"background-color:#007747\"><\/span><img loading=\"lazy\" decoding=\"async\" width=\"2560\" height=\"1707\" class=\"wp-block-cover__image-background wp-image-327\" alt=\"\" src=\"http:\/\/feuxdete.be\/wp-content\/uploads\/2024\/05\/night-campfire-night-1-scaled.jpg\" style=\"object-position:48% 70%\" data-object-fit=\"cover\" data-object-position=\"48% 70%\" srcset=\"https:\/\/feuxdete.be\/wp-content\/uploads\/2024\/05\/night-campfire-night-1-scaled.jpg 2560w, https:\/\/feuxdete.be\/wp-content\/uploads\/2024\/05\/night-campfire-night-1-300x200.jpg 300w, https:\/\/feuxdete.be\/wp-content\/uploads\/2024\/05\/night-campfire-night-1-1024x683.jpg 1024w, https:\/\/feuxdete.be\/wp-content\/uploads\/2024\/05\/night-campfire-night-1-768x512.jpg 768w, https:\/\/feuxdete.be\/wp-content\/uploads\/2024\/05\/night-campfire-night-1-1536x1024.jpg 1536w, https:\/\/feuxdete.be\/wp-content\/uploads\/2024\/05\/night-campfire-night-1-2048x1365.jpg 2048w\" sizes=\"auto, (max-width: 2560px) 100vw, 2560px\" \/><div class=\"wp-block-cover__inner-container has-global-padding is-layout-constrained wp-container-core-cover-is-layout-b1bebcb3 wp-block-cover-is-layout-constrained\">\n<div class=\"wp-block-group has-text-color is-layout-flow wp-block-group-is-layout-flow\" style=\"color:#fffffd;margin-top:0px;padding-top:0rem;padding-right:1rem;padding-bottom:0rem;padding-left:1rem;font-size:clamp(0.875rem, 0.875rem + ((1vw - 0.4rem) * 0.638), 1.13rem);font-style:normal;font-weight:400;line-height:1.4\">\n<div class=\"wp-block-group has-global-padding is-layout-constrained wp-container-core-group-is-layout-bdbfdc43 wp-block-group-is-layout-constrained\">\n<p class=\"has-text-align-center has-text-color\" style=\"color:#fffffd;margin-bottom:0rem;font-size:clamp(1.25rem, 1.25rem + ((1vw - 0.4rem) * 1.875), 2rem);font-style:normal;font-weight:400;line-height:1.2\">R\u00e9unir la chaleur et la communaut\u00e9, un pellet \u00e0 la fois.<\/p>\n<\/div>\n<\/div>\n<\/div><\/section>\n","protected":false},"excerpt":{"rendered":"<p>Notre objectif : rapprocher les gens Notre objectif principal est de cr\u00e9er des espaces chaleureux et accueillants o\u00f9 les gens peuvent se r\u00e9unir pour partager des histoires, des rires et les joies simples de la vie. Gr\u00e2ce \u00e0 nos chauffages de terrasse \u00e0 granul\u00e9s innovants et respectueux de l&rsquo;environnement, nous nous effor\u00e7ons de favoriser un [&hellip;]<\/p>\n","protected":false},"author":1,"featured_media":0,"parent":0,"menu_order":0,"comment_status":"closed","ping_status":"closed","template":"","meta":{"footnotes":""},"class_list":["post-550","page","type-page","status-publish","hentry"],"_links":{"self":[{"href":"https:\/\/feuxdete.be\/index.php\/wp-json\/wp\/v2\/pages\/550","targetHints":{"allow":["GET"]}}],"collection":[{"href":"https:\/\/feuxdete.be\/index.php\/wp-json\/wp\/v2\/pages"}],"about":[{"href":"https:\/\/feuxdete.be\/index.php\/wp-json\/wp\/v2\/types\/page"}],"author":[{"embeddable":true,"href":"https:\/\/feuxdete.be\/index.php\/wp-json\/wp\/v2\/users\/1"}],"replies":[{"embeddable":true,"href":"https:\/\/feuxdete.be\/index.php\/wp-json\/wp\/v2\/comments?post=550"}],"version-history":[{"count":4,"href":"https:\/\/feuxdete.be\/index.php\/wp-json\/wp\/v2\/pages\/550\/revisions"}],"predecessor-version":[{"id":566,"href":"https:\/\/feuxdete.be\/index.php\/wp-json\/wp\/v2\/pages\/550\/revisions\/566"}],"wp:attachment":[{"href":"https:\/\/feuxdete.be\/index.php\/wp-json\/wp\/v2\/media?parent=550"}],"curies":[{"name":"wp","href":"https:\/\/api.w.org\/{rel}","templated":true}]}}